What are the prime factors of n?
3, 7
Suppose t - 5*t = -5*k - 67, -29 = -2*t + k. Suppose 0 = -9*u + t*u - 40. What are the prime factors of u?
2, 5
Suppose -354 = -4*q - 5*m + 274, 2*m = -2*q + 316. List the prime factors of q.
2, 3
Let z(j) = 2*j**2 - 20*j + 927. What are the prime factors of z(0)?
3, 103
Suppose 3*j + 38 = j - 2*m, -m + 119 = -5*j. Let o = -19 - j. What are the prime factors of o?
2
Suppose -l = -2*y + 230, 3*y - 74*l + 71*l = 351. List the prime factors of y.
113
Suppose -5*l = -c + 503, -4*c = -6*l + l - 512. Let q = l + 143. What are the prime factors of q?
43
Let r(l) = l + 10. Suppose -2*m - 33 = -13. Let f be r(m). Suppose -s - 69 = -4*s + o, f = -2*o. List the prime factors of s.
23
Let j be (-9 + 10)/(1/42). Let a = -37 + j. List the prime factors of a.
5
Let x = 39 + -115. List the prime factors of (-19)/x + 639/4.
2, 5
Let b = -37 + 22. List the prime factors of b/(-6)*(-492)/(-15).
2, 41
Let q = -80 - -83. Let i(o) = -5*o - 1. Let f be i(-1). Suppose -f*x - q*k + 83 = -6, x - 29 = -3*k. What are the prime factors of x?
2, 5
Suppose 174*t = 182*t - 24496. What are the prime factors of t?
2, 1531
Suppose -16 = -x + 26. Let d = x + -30. What are the prime factors of (d/18)/(2/6)?
2
Let m(b) be the first derivative of -b**4/4 + b**3/3 + 3*b - 5. Let d be m(0). Suppose 0 = -p - o + 18, d*o = o. What are the prime factors of p?
2, 3
Suppose 2*a + 10 = -3*a. Suppose 0 = -2*i + 446 - 448. What are the prime factors of (a/i)/(12/66)?
11
Let s = 3141 + 105. List the prime factors of s.
2, 3, 541
Let j(d) = -43*d + 29. What are the prime factors of j(-13)?
2, 3, 7
Let o be (3 - 0/(-2)) + -3. Suppose -2*m + 7 + 3 = o. Suppose 0*l - m*l = -155. What are the prime factors of l?
31
Let u(x) = 15*x. Let w be u(2). Let t = w + -14. List the prime factors of t.
2
Suppose i - 60 = -2*u, 2*u = -2*i + 7*u + 102. Suppose -k + 23 = 3*g, 4*g + 2*k = 7*k + i. What are the prime factors of g?
3
Let x(v) = 3 - 8 - 4 + 14*v. What are the prime factors of x(6)?
3, 5
Suppose 73*u - 51*u = 946. List the prime factors of u.
43
Suppose 2*t - 561 = 2*w + 25, w + 1157 = 4*t. What are the prime factors of t?
2, 3
Let z(j) = j**2 + j - 12. Let f be z(-5). Let n be f/(-3)*(-150)/8. Let v = n + -34. List the prime factors of v.
2
Let r be (-1)/((-1)/(-3)) + 72 + 3. Let a = -18 + r. List the prime factors of a.
2, 3
Let w(k) = 7*k**3 + 16*k**2 - 3*k + 4. Let z(c) = 6*c**3 + 16*c**2 - 2*c + 5. Let y(m) = -4*w(m) + 5*z(m). List the prime factors of y(-7).
3, 31
Let k be 2*(-105)/12*-12. Let n = k - 126. List the prime factors of n.
2, 3, 7
Let m(a) = -a**3 + a**2 - 2*a - 1. Let y be m(-2). Let c be y/(-2)*(-24)/30. What are the prime factors of c*(2 - -2 - 3)?
2, 3
Suppose -3*x - 338 + 1658 = -4*o, -1760 = -4*x + 5*o. List the prime factors of x.
2, 5, 11
Let c(v) = -v**2 + 2*v + 7. Let n be c(0). Suppose 26 = -n*w + 8*w. What are the prime factors of w?
2, 13
Let w be (4/(-2) - -33) + -1. What are the prime factors of (3 - 7) + -5 + w?
3, 7
Let j be 7/(105/(-2980))*(-3)/(-2). Let q = -164 - j. What are the prime factors of q?
2, 67
Let o be (-28)/(-6) - (2/6)/(-1). Suppose 0 = 5*k + o*q - 445, -q = -k + 52 + 33. List the prime factors of k.
3, 29
Suppose -4*a + 778 = 2*z, 6*a + 5*z = 2*a + 793. Suppose 4*o = -u + 36, a = 4*u - 0*u + 4*o. List the prime factors of u.
2, 13
Let q(j) = j**3 - j**2 - 3*j + 1114. What are the prime factors of q(0)?
2, 557
Let w(y) = -1746*y + 13. Let g be w(-1). Suppose 0 = 12*k - 41 - g. List the prime factors of k.
2, 3, 5
Let j be (20/35)/(2/35). Suppose q = -4*m + 248, -3*q - 134 = -2*m - j. List the prime factors of m.
2, 31
Suppose 41*d - 60354 = -22*d. List the prime factors of d.
2, 479
Suppose 0*z - 3012 = -3*s + 2*z, -5*s + 4*z = -5022. List the prime factors of s.
2, 3, 167
Let j(o) = -2*o**2 + 2*o + 344. List the prime factors of j(0).
2, 43
Suppose 29*z - 2327 = 16*z. List the prime factors of z.
179
Let u(k) = -5*k - 2. Let p be u(-2). Suppose -3*h - 2*a + p = -2*h, -32 = -4*h + 2*a. Suppose -21 = -o - h. What are the prime factors of o?
13
Let l be (-1)/(-5) - (-264)/55. Suppose 2 = -l*r - 13. List the prime factors of r/(12/(-50))*2.
5
Let b = 476 + -408. List the prime factors of b.
2, 17
Suppose 3*x = -3*j + 12, -x - 2*x + 3*j = -24. Suppose 9*b = x*b + 69. Let l = b + 22. What are the prime factors of l?
3, 5
Let w(b) = -b**2 - 11*b - 23. Let v be w(-7). Suppose 408 = 4*h - v*z, 2*h - 3*z = z + 198. List the prime factors of h.
107
Suppose 2192*s + 6276 = 2196*s. What are the prime factors of s?
3, 523
Let q(t) = t**3 + 8*t**2 + 7*t + 3. Let i be (0 - 0)*(-1)/(-2). Let g be i - 5 - (6 + -4). What are the prime factors of q(g)?
3
List the prime factors of 14021/28*(11 + -7).
2003
Let k = 261 - -32. What are the prime factors of k?
293
Suppose -j - 3*j - 3*o = -2941, -4*j + 4*o = -2976. List the prime factors of j.
739
Suppose 0 = 29*r - 5509 + 579. Let a be (-2)/4 - 166/4. List the prime factors of 7/a + r/12.
2, 7
Suppose -7*i - 27340 = -12*i. List the prime factors of i.
2, 1367
Suppose 5*n - 1366 = 5449. What are the prime factors of n?
29, 47
Let a = 42 + -39. Suppose a*j - 5*w = 86 + 123, -5*w = -j + 63. What are the prime factors of j?
73
Let b(k) = 4*k**2 - 10*k - 14. Let t be b(-4). Let c = 276 - t. What are the prime factors of c?
2, 3, 31
Let i = -234 + 633. List the prime factors of i.
3, 7, 19
Suppose 2*h + 200 = 4*c, 5*c - 5*h - 260 = -0*c. Let p = -17 + c. What are the prime factors of p?
31
Let m(u) = -49*u - 56. Let f(j) = 10*j + 11. Let b(q) = -21*f(q) - 4*m(q). What are the prime factors of b(-6)?
7, 11
What are the prime factors of (897/(-2))/(198/(-1056))?
2, 13, 23
Suppose -10 = -c - 7. Suppose 0 = -c*n + n + 142. What are the prime factors of n?
71
Suppose 18 = 5*o - 57. Suppose 2*i - o = i. Suppose -3*b + 39 = i. What are the prime factors of b?
2
Let o(s) = -455*s**3 - 10*s**2 - 15*s + 7. List the prime factors of o(-2).
3637
Suppose 4*s = -2*o + 29 + 7, 62 = 4*o + 3*s. Suppose 2*r + 10 = 4*r - d, 0 = 4*r - 5*d - 26. What are the prime factors of 955/35 - r/o?
3
Let z(m) = m**3 - 7*m**2 - 6*m - 9. Let b be z(8). Suppose 0 = 12*v - b*v - 215. What are the prime factors of v?
43
Let p be -22*(-5 - -1 - 1). Suppose -32*l + 28*l = 124. Let n = l + p. What are the prime factors of n?
79
Let g(o) = 33*o - 37. What are the prime factors of g(9)?
2, 5, 13
Let w(b) = 2*b**3 - b**2 - 8*b + 27. Let f(c) = -c**3 + 4*c - 13. Let x(i) = 11*f(i) + 6*w(i). List the prime factors of x(7).
2, 5
Let j = -2404 - -6421. What are the prime factors of j?
3, 13, 103
Let v(w) = 3 + 0 - 5 + 9*w. Suppose -5 = -g - 2. What are the prime factors of v(g)?
5
Let y = -24 + 24. Suppose y = -2*c + 405 + 79. What are the prime factors of c?
2, 11
Let i(w) = 13*w**2 + w - 3. Let q be i(3). Let d(u) = q + 4*u**2 + 4*u - 117 - 2*u. List the prime factors of d(-4).
2, 7
Suppose -3*s = t - 159 - 2003, -5*s + 4*t = -3592. What are the prime factors of s?
2, 3, 5
Let z be (2/3)/(((-16)/(-9))/8). Suppose 1138 = 4*m - 2*w, 821 = 3*m + z*w + 2*w. List the prime factors of m.
2, 3, 47
Let n be (-87)/(-5) - -2*2/(-10). Let q be (-1)/3 - 130/15. Let x = n + q. List the prime factors of x.
2
Let p(i) = 5*i**2 + 2*i + 1. Let h be 0 - (0 + -3)/(-3). Let r be p(h). List the prime factors of (3 - 15)*r/(-3).
2
Suppose 3576 + 191 = 4*o - 3*q, 0 = -o + 3*q + 953. What are the prime factors of o?
2, 7, 67
Let p(b) = -34*b**2 + 14*b + 10. Let y be p(-4). Let f = -358 - y. List the prime factors of f.
2, 29
Suppose w + 339 - 2083 = 0. List the prime factors of w.
2, 109
Suppose 0 = -4*z + 4, 2 = 2*i + 5*z + 7. Let w = 59 + i. What are the prime factors of w?
2, 3
Let r(h) = 2*h**3 - 35*h**2 - 18*h + 8. Let s be r(18). Suppose -v - 917 = -s*v. List the prime factors of v.
131
Let a be (-1 + -11)/(-3 + 2). Let h = -34 - -58. Let v = h - a. What are the prime factors of v?
2, 3
Let k = -21 + 0. Let c be 378/(-4) + k/14. Let h = -59 - c. What are the prime factors of h?
37
Let r(t) = -t - 13. Let a be r(-5). List the prime factors of (2/3)/(a/(-636)).
53
Suppose 2 = -2*v + 2*t - t, 2*t + 8 = 0. List the prime factors of 1746/90 - v/(30/(-4)).
19
Let g(k) = 10*k + 44. Let p be g(-4). Suppose -4*q - 2*o + 918 = 0, -p*o - 6 = -2*o. List the 